culate the remainder when 25701119 is divided by 2629.
15
Calculate the remainder when 670582 is divided by 134086.
152
What is the remainder when 5112374 is divided by 7619?
25
What is the remainder when 281201 is divided by 2784?
17
What is the remainder when 296451627 is divided by 270?
267
What is the remainder when 22643467 is divided by 377391?
7
What is the remainder when 27832311 is divided by 8051?
4
What is the remainder when 2115633 is divided by 4274?
3
Calculate the remainder when 249413 is divided by 4069.
1204
What is the remainder when 263334 is divided by 131663?
8
What is the remainder when 1079568 is divided by 1079497?
71
What is the remainder when 361405 is divided by 235?
210
Calculate the remainder when 240063 is divided by 10558.
7787
Calculate the remainder when 102111 is divided by 19855.
2836
Calculate the remainder when 289824 is divided by 518.
262
What is the remainder when 75461949 is divided by 4292?
5
What is the remainder when 47270157 is divided by 41?
27
What is the remainder when 14224911 is divided by 3528?
15
Calculate the remainder when 70250 is divided by 848.
714
Calculate the remainder when 116280 is divided by 5758.
1120
What is the remainder when 1897465 is divided by 90?
85
Calculate the remainder when 1064321 is divided by 2397.
53
What is the remainder when 184584 is divided by 13015?
2374
Calculate the remainder when 144192109 is divided by 13.
9
Calculate the remainder when 1451406 is divided by 11339.
14
What is the remainder when 1093590 is divided by 157?
85
What is the remainder when 16939 is divided by 458?
451
What is the remainder when 1793522 is divided by 448367?
54
Calculate the remainder when 322672 is divided by 9.
4
Calculate the remainder when 2815539 is divided by 264.
243
Calculate the remainder when 16755316 is divided by 930850.
16
Calculate the remainder when 61726 is divided by 61421.
305
Calculate the remainder when 27883 is divided by 2027.
1532
What is the remainder when 986386 is divided by 863?
840
What is the remainder when 6609102 is divided by 113950?
2
What is the remainder when 10030269 is divided by 911841?
18
What is the remainder when 4164501 is divided by 297458?
89
Calculate the remainder when 121951 is divided by 3930.
121
What is the remainder when 21765 is divided by 1978?
7
What is the remainder when 861487 is divided by 430730?
27
Calculate the remainder when 71956982 is divided by 406.
384
Calculate the remainder when 8942756 is divided by 470671.
7
What is the remainder when 35719543 is divided by 76?
75
Calculate the remainder when 5526057 is divided by 1159.
1104
Calculate the remainder when 1881280 is divided by 30.
10
Calculate the remainder when 659554 is divided by 219846.
16
What is the remainder when 6496193 is divided by 3609?
3602
Calculate the remainder when 147752 is divided by 16385.
287
What is the remainder when 279812 is divided by 93258?
38
Calculate the remainder when 16496280 is divided by 95354.
38
What is the remainder when 3419662 is divided by 222?
196
Calculate the remainder when 348579 is divided by 7921.
55
Calculate the remainder when 3903811 is divided by 26200.
11
Calculate the remainder when 336043 is divided by 4603.
24
What is the remainder when 11507841 is divided by 6025?
91
What is the remainder when 462877 is divided by 77064?
493
What is the remainder when 27362084 is divided by 35?
29
What is the remainder when 551455 is divided by 149?
6
Calculate the remainder when 101457862 is divided by 2676.
2674
Calculate the remainder when 64115465 is divided by 8747.
8702
What is the remainder when 1130806 is divided by 424?
422
Calculate the remainder when 33782433 is divided by 647.
622
What is the remainder when 5523862 is divided by 1221?
58
What is the remainder when 1626581 is divided by 1016?
981
What is the remainder when 179935 is divided by 47?
19
Calculate the remainder when 131129709 is divided by 72.
69
What is the remainder when 229444 is divided by 2959?
1601
Calculate the remainder when 48849060 is divided by 51.
36
Calculate the remainder when 367808 is divided by 19357.
25
Calculate the remainder when 451948 is divided by 5.
3
What is the remainder when 2366222 is divided by 1396?
2
Calculate the remainder when 1040736 is divided by 2828.
32
Calculate the remainder when 10202677 is divided by 144.
133
Calculate the remainder when 573948 is divided by 72.
36
Calculate the remainder when 16245828 is divided by 520.
508
What is the remainder when 379829 is divided by 63211?
563
Calculate the remainder when 245504753 is divided by 351726.
5
What is the remainder when 328300005 is divided by 1841?
1839
Calculate the remainder when 534300 is divided by 1781.
0
What is the remainder when 2076581 is divided by 415314?
11
What is the remainder when 1221798 is divided by 2178?
2118
Calculate the remainder when 345333 is divided by 11692.
6265
What is the remainder when 1420398 is divided by 710178?
42
Calculate the remainder when 81972 is divided by 15872.
2612
Calculate the remainder when 4641892 is divided by 136526.
8
Calculate the remainder when 15820714 is divided by 517.
514
Calculate the remainder when 132336222 is divided by 5924.
5910
What is the remainder when 25446373 is divided by 133227?
16
What is the remainder when 11214375 is divided by 53?
52
Calculate the remainder when 105007 is divided by 104996.
11
Calculate the remainder when 72957246 is divided by 972763.
21
What is the remainder when 40294462 is divided by 2352?
2350
What is the remainder when 132798 is divided by 706?
70
Calculate the remainder when 406443 is divided by 20322.
3
Calculate the remainder when 11268371 is divided by 1816.
91
What is the remainder when 59342948 is divided by 41?
40
Calculate the remainder when 75840 is divided by 8288.
1248
What is the remainder when 35166947 is divided by 17583472?
3
What is the remainder when 123959 is divided by 401?
50
What is the remainder when 1555302 is divided by 3968?
3814
Calculate the remainder when 10341205 is divided by 35.
0
What is the remainder when 81620 is divided by 5516?
4396
What is the remainder when 5418 is divided by 4607?
811
Calculate the remainder when 344810 is divided by 8619.
50
What is the remainder when 12810523 is divided by 1758?
1735
Calculate the remainder when 274720 is divided by 191.
62
Calculate the remainder when 8208532 is divided by 2252.
2244
Calculate the remainder when 31954593 is divided by 55670.
13
Calculate the remainder when 259517823 is divided by 641.
640
Calculate the remainder when 4697134 is divided by 782691.
988
What is the remainder when 299550 is divided by 34?
10
What is the remainder when 8207221 is divided by 559?
542
What is the remainder when 41197044 is divided by 10299259?
8
Calculate the remainder when 1595209 is divided by 75961.
28
What is the remainder when 2843 is divided by 917?
92
Calculate the remainder when 4089871 is divided by 800.
271
Calculate the remainder when 1331155 is divided by 20169.
1
What is the remainder when 39397 is divided by 896?
869
What is the remainder when 16823484 is divided by 178?
170
What is the remainder when 44909 is divided by 774?
17
Calculate the remainder when 25783 is divided by 863.
756
Calculate the remainder when 232826 is divided by 45143.
7111
Calculate the remainder when 5129441 is divided by 65761.
83
Calculate the remainder when 19085479 is divided by 66.
61
What is the remainder when 101345 is divided by 101336?
9
What is the remainder when 248333 is divided by 159?
134
What is the remainder when 1632088 is divided by 78?
16
Calculate the remainder when 7450952 is divided by 110.
102
Calculate the remainder when 27945444 is divided by 390.
384
What is the remainder when 3101812 is divided by 24423?
91
Calculate the remainder when 205212 is divided by 11400.
12
What is the remainder when 203215324 is divided by 23?
20
Calculate the remainder when 190879 is divided by 267.
241
Calculate the remainder when 5549102 is divided by 328.
326
What is the remainder when 1436455 is divided by 478793?
76
What is the remainder when 115650 is divided by 15?
0
What is the remainder when 81566 is divided by 1548?
1070
What is the remainder when 7165213 is divided by 137?
113
What is the rema